{"id":272,"date":"2023-04-12T09:26:53","date_gmt":"2023-04-12T07:26:53","guid":{"rendered":"https:\/\/new.psenak.eu\/?page_id=272"},"modified":"2023-04-14T10:57:28","modified_gmt":"2023-04-14T08:57:28","slug":"contact","status":"publish","type":"page","link":"https:\/\/www.psenak.eu\/?page_id=272&lang=en","title":{"rendered":"Contact information"},"content":{"rendered":"\n<div class=\"is-layout-flex wp-container-4 wp-block-columns alignwide are-vertically-aligned-bottom\">\n<div class=\"is-layout-flow wp-block-column is-vertically-aligned-bottom\">\n<p class=\"has-text-color\" style=\"color:#d7d7d7\"><strong>P\u0161en\u00e1k,s.r.o.<\/strong><br>Cez ohrady 674\/45 <br><em>911 06 Tren\u010d\u00edn<\/em><\/p>\n\n\n\n<p class=\"has-text-color\" style=\"color:#d7d7d7\">Service: Kas\u00e1rensk\u00e1 9, <em>911 05 Tren\u010d\u00edn<\/em><\/p>\n\n\n\n<p class=\"has-text-color\" style=\"color:#d7d7d7\"><br><em>E-mail: psenakdusan@gmail.com<\/em><br><em>Tel: +421 917 167 418<\/em><br><br><\/p>\n\n\n\n<figure class=\"wp-block-image size-large\"><img decoding=\"async\" loading=\"lazy\" width=\"1024\" height=\"681\" src=\"https:\/\/new.psenak.eu\/wp-content\/uploads\/2023\/03\/car-engine-motor-clean-1548434-1024x681.jpg\" alt=\"car engine, motor, clean-1548434.jpg\" class=\"wp-image-71\" srcset=\"https:\/\/www.psenak.eu\/wp-content\/uploads\/2023\/03\/car-engine-motor-clean-1548434-1024x681.jpg 1024w, https:\/\/www.psenak.eu\/wp-content\/uploads\/2023\/03\/car-engine-motor-clean-1548434-300x199.jpg 300w, https:\/\/www.psenak.eu\/wp-content\/uploads\/2023\/03\/car-engine-motor-clean-1548434-768x511.jpg 768w, https:\/\/www.psenak.eu\/wp-content\/uploads\/2023\/03\/car-engine-motor-clean-1548434.jpg 1280w\" sizes=\"(max-width: 1024px) 100vw, 1024px\" \/><\/figure>\n<\/div>\n\n\n\n<div class=\"is-layout-flow wp-block-column is-vertically-aligned-bottom\">\n<p class=\"has-text-color\" style=\"color:#d7d7d7\">C<em>ommercial register: number 32115\/R<\/em><\/p>\n\n\n\n<p class=\"has-text-color\" style=\"color:#d7d7d7\"><em>I\u010cO: 48327611<\/em><br><em>DI\u010c: 2120134566<\/em><br><em>I\u010c DPH: SK2120134566<\/em><\/p>\n\n\n\n<figure class=\"wp-block-image size-large\"><img decoding=\"async\" src=\"https:\/\/new.psenak.eu\/wp-content\/uploads\/2023\/03\/cropped-cropped-speedometer-dashboard-car-1249610-1024x681.jpg\" alt=\"\" class=\"wp-image-26\"\/><\/figure>\n<\/div>\n\n\n\n<div class=\"is-layout-flow wp-block-column is-vertically-aligned-bottom\">\n<iframe src=\"https:\/\/www.google.com\/maps\/embed?pb=!1m18!1m12!1m3!1d1854.4744274267407!2d18.02301455344696!3d48.90352374713506!2m3!1f0!2f0!3f0!3m2!1i1024!2i768!4f13.1!3m3!1m2!1s0x4714a18f613f837f%3A0x1e47d7c014fe258f!2zQXV0b3NlcnZpcyBQxaFlbsOhayxzLnIuby4!5e0!3m2!1ssk!2ssk!4v1681283996500!5m2!1ssk!2ssk\" width=\"600\" height=\"450\" style=\"border:0;\" allowfullscreen=\"\" loading=\"lazy\" referrerpolicy=\"no-referrer-when-downgrade\"><\/iframe>\n<\/div>\n<\/div>\n","protected":false},"excerpt":{"rendered":"<p>P\u0161en\u00e1k,s.r.o.Cez ohrady 674\/45 911 06 Tren\u010d\u00edn Service: Kas\u00e1rensk\u00e1 9, 911 05 Tren\u010d\u00edn E-mail: psenakdusan@gmail.comTel: +421 917 167 418 Commercial register: number 32115\/R I\u010cO: 48327611DI\u010c: 2120134566I\u010c DPH: SK2120134566<\/p>\n","protected":false},"author":1,"featured_media":0,"parent":0,"menu_order":0,"comment_status":"closed","ping_status":"closed","template":"","meta":{"_uag_custom_page_level_css":"","_mi_skip_tracking":false},"yoast_head":"<!-- This site is optimized with the Yoast SEO plugin v20.3 - https:\/\/yoast.com\/wordpress\/plugins\/seo\/ -->\n<title>Contact information - Autoservis P\u0161en\u00e1k<\/title>\n<meta name=\"robots\" content=\"index, follow, max-snippet:-1, max-image-preview:large, max-video-preview:-1\" \/>\n<link rel=\"canonical\" href=\"https:\/\/www.psenak.eu\/?page_id=272&lang=en\" \/>\n<meta property=\"og:locale\" content=\"sk_SK\" \/>\n<meta property=\"og:type\" content=\"article\" \/>\n<meta property=\"og:title\" content=\"Contact information - Autoservis P\u0161en\u00e1k\" \/>\n<meta property=\"og:description\" content=\"P\u0161en\u00e1k,s.r.o.Cez ohrady 674\/45 911 06 Tren\u010d\u00edn Service: Kas\u00e1rensk\u00e1 9, 911 05 Tren\u010d\u00edn E-mail: psenakdusan@gmail.comTel: +421 917 167 418 Commercial register: number 32115\/R I\u010cO: 48327611DI\u010c: 2120134566I\u010c DPH: SK2120134566\" \/>\n<meta property=\"og:url\" content=\"https:\/\/www.psenak.eu\/?page_id=272&amp;lang=en\" \/>\n<meta property=\"og:site_name\" content=\"Autoservis P\u0161en\u00e1k\" \/>\n<meta property=\"article:modified_time\" content=\"2023-04-14T08:57:28+00:00\" \/>\n<meta property=\"og:image\" content=\"https:\/\/new.psenak.eu\/wp-content\/uploads\/2023\/03\/car-engine-motor-clean-1548434-1024x681.jpg\" \/>\n<meta name=\"twitter:card\" content=\"summary_large_image\" \/>\n<meta name=\"twitter:label1\" content=\"Est. reading time\" \/>\n\t<meta name=\"twitter:data1\" content=\"1 min\u00fata\" \/>\n<script type=\"application\/ld+json\" class=\"yoast-schema-graph\">{\"@context\":\"https:\/\/schema.org\",\"@graph\":[{\"@type\":\"WebPage\",\"@id\":\"https:\/\/www.psenak.eu\/?page_id=272&lang=en\",\"url\":\"https:\/\/www.psenak.eu\/?page_id=272&lang=en\",\"name\":\"Contact information - Autoservis P\u0161en\u00e1k\",\"isPartOf\":{\"@id\":\"https:\/\/www.psenak.eu\/#website\"},\"datePublished\":\"2023-04-12T07:26:53+00:00\",\"dateModified\":\"2023-04-14T08:57:28+00:00\",\"breadcrumb\":{\"@id\":\"https:\/\/www.psenak.eu\/?page_id=272&lang=en#breadcrumb\"},\"inLanguage\":\"sk-SK\",\"potentialAction\":[{\"@type\":\"ReadAction\",\"target\":[\"https:\/\/www.psenak.eu\/?page_id=272&lang=en\"]}]},{\"@type\":\"BreadcrumbList\",\"@id\":\"https:\/\/www.psenak.eu\/?page_id=272&lang=en#breadcrumb\",\"itemListElement\":[{\"@type\":\"ListItem\",\"position\":1,\"name\":\"Home\",\"item\":\"https:\/\/www.psenak.eu\/\"},{\"@type\":\"ListItem\",\"position\":2,\"name\":\"Contact information\"}]},{\"@type\":\"WebSite\",\"@id\":\"https:\/\/www.psenak.eu\/#website\",\"url\":\"https:\/\/www.psenak.eu\/\",\"name\":\"Autoservis P\u0161en\u00e1k\",\"description\":\"Your car service tel: +421 917 167 418 e-mail: psenakdusan@gmail.com\",\"publisher\":{\"@id\":\"https:\/\/www.psenak.eu\/#organization\"},\"potentialAction\":[{\"@type\":\"SearchAction\",\"target\":{\"@type\":\"EntryPoint\",\"urlTemplate\":\"https:\/\/www.psenak.eu\/?s={search_term_string}\"},\"query-input\":\"required name=search_term_string\"}],\"inLanguage\":\"sk-SK\"},{\"@type\":\"Organization\",\"@id\":\"https:\/\/www.psenak.eu\/#organization\",\"name\":\"Autoservis P\u0161en\u00e1k\",\"url\":\"https:\/\/www.psenak.eu\/\",\"logo\":{\"@type\":\"ImageObject\",\"inLanguage\":\"sk-SK\",\"@id\":\"https:\/\/www.psenak.eu\/#\/schema\/logo\/image\/\",\"url\":\"https:\/\/www.psenak.eu\/wp-content\/uploads\/2023\/03\/logo.png\",\"contentUrl\":\"https:\/\/www.psenak.eu\/wp-content\/uploads\/2023\/03\/logo.png\",\"width\":156,\"height\":40,\"caption\":\"Autoservis P\u0161en\u00e1k\"},\"image\":{\"@id\":\"https:\/\/www.psenak.eu\/#\/schema\/logo\/image\/\"}}]}<\/script>\n<!-- \/ Yoast SEO plugin. -->","yoast_head_json":{"title":"Contact information - Autoservis P\u0161en\u00e1k","robots":{"index":"index","follow":"follow","max-snippet":"max-snippet:-1","max-image-preview":"max-image-preview:large","max-video-preview":"max-video-preview:-1"},"canonical":"https:\/\/www.psenak.eu\/?page_id=272&lang=en","og_locale":"sk_SK","og_type":"article","og_title":"Contact information - Autoservis P\u0161en\u00e1k","og_description":"P\u0161en\u00e1k,s.r.o.Cez ohrady 674\/45 911 06 Tren\u010d\u00edn Service: Kas\u00e1rensk\u00e1 9, 911 05 Tren\u010d\u00edn E-mail: psenakdusan@gmail.comTel: +421 917 167 418 Commercial register: number 32115\/R I\u010cO: 48327611DI\u010c: 2120134566I\u010c DPH: SK2120134566","og_url":"https:\/\/www.psenak.eu\/?page_id=272&lang=en","og_site_name":"Autoservis P\u0161en\u00e1k","article_modified_time":"2023-04-14T08:57:28+00:00","og_image":[{"url":"https:\/\/new.psenak.eu\/wp-content\/uploads\/2023\/03\/car-engine-motor-clean-1548434-1024x681.jpg"}],"twitter_card":"summary_large_image","twitter_misc":{"Est. reading time":"1 min\u00fata"},"schema":{"@context":"https:\/\/schema.org","@graph":[{"@type":"WebPage","@id":"https:\/\/www.psenak.eu\/?page_id=272&lang=en","url":"https:\/\/www.psenak.eu\/?page_id=272&lang=en","name":"Contact information - Autoservis P\u0161en\u00e1k","isPartOf":{"@id":"https:\/\/www.psenak.eu\/#website"},"datePublished":"2023-04-12T07:26:53+00:00","dateModified":"2023-04-14T08:57:28+00:00","breadcrumb":{"@id":"https:\/\/www.psenak.eu\/?page_id=272&lang=en#breadcrumb"},"inLanguage":"sk-SK","potentialAction":[{"@type":"ReadAction","target":["https:\/\/www.psenak.eu\/?page_id=272&lang=en"]}]},{"@type":"BreadcrumbList","@id":"https:\/\/www.psenak.eu\/?page_id=272&lang=en#breadcrumb","itemListElement":[{"@type":"ListItem","position":1,"name":"Home","item":"https:\/\/www.psenak.eu\/"},{"@type":"ListItem","position":2,"name":"Contact information"}]},{"@type":"WebSite","@id":"https:\/\/www.psenak.eu\/#website","url":"https:\/\/www.psenak.eu\/","name":"Autoservis P\u0161en\u00e1k","description":"Your car service tel: +421 917 167 418 e-mail: psenakdusan@gmail.com","publisher":{"@id":"https:\/\/www.psenak.eu\/#organization"},"potentialAction":[{"@type":"SearchAction","target":{"@type":"EntryPoint","urlTemplate":"https:\/\/www.psenak.eu\/?s={search_term_string}"},"query-input":"required name=search_term_string"}],"inLanguage":"sk-SK"},{"@type":"Organization","@id":"https:\/\/www.psenak.eu\/#organization","name":"Autoservis P\u0161en\u00e1k","url":"https:\/\/www.psenak.eu\/","logo":{"@type":"ImageObject","inLanguage":"sk-SK","@id":"https:\/\/www.psenak.eu\/#\/schema\/logo\/image\/","url":"https:\/\/www.psenak.eu\/wp-content\/uploads\/2023\/03\/logo.png","contentUrl":"https:\/\/www.psenak.eu\/wp-content\/uploads\/2023\/03\/logo.png","width":156,"height":40,"caption":"Autoservis P\u0161en\u00e1k"},"image":{"@id":"https:\/\/www.psenak.eu\/#\/schema\/logo\/image\/"}}]}},"uagb_featured_image_src":{"full":false,"thumbnail":false,"medium":false,"medium_large":false,"large":false,"1536x1536":false,"2048x2048":false,"post-thumbnail":false,"refur-sticky":false,"refur-showcase":false},"uagb_author_info":{"display_name":"admin","author_link":"https:\/\/www.psenak.eu\/?author=1"},"uagb_comment_info":0,"uagb_excerpt":"P\u0161en\u00e1k,s.r.o.Cez ohrady 674\/45 911 06 Tren\u010d\u00edn Service: Kas\u00e1rensk\u00e1 9, 911 05 Tren\u010d\u00edn E-mail: psenakdusan@gmail.comTel: +421 917 167 418 Commercial register: number 32115\/R I\u010cO: 48327611DI\u010c: 2120134566I\u010c DPH: SK2120134566","_links":{"self":[{"href":"https:\/\/www.psenak.eu\/index.php?rest_route=\/wp\/v2\/pages\/272"}],"collection":[{"href":"https:\/\/www.psenak.eu\/index.php?rest_route=\/wp\/v2\/pages"}],"about":[{"href":"https:\/\/www.psenak.eu\/index.php?rest_route=\/wp\/v2\/types\/page"}],"author":[{"embeddable":true,"href":"https:\/\/www.psenak.eu\/index.php?rest_route=\/wp\/v2\/users\/1"}],"replies":[{"embeddable":true,"href":"https:\/\/www.psenak.eu\/index.php?rest_route=%2Fwp%2Fv2%2Fcomments&post=272"}],"version-history":[{"count":3,"href":"https:\/\/www.psenak.eu\/index.php?rest_route=\/wp\/v2\/pages\/272\/revisions"}],"predecessor-version":[{"id":386,"href":"https:\/\/www.psenak.eu\/index.php?rest_route=\/wp\/v2\/pages\/272\/revisions\/386"}],"wp:attachment":[{"href":"https:\/\/www.psenak.eu\/index.php?rest_route=%2Fwp%2Fv2%2Fmedia&parent=272"}],"curies":[{"name":"wp","href":"https:\/\/api.w.org\/{rel}","templated":true}]}}